
{"id":308,"date":"2010-11-12T14:59:52","date_gmt":"2010-11-12T14:59:52","guid":{"rendered":"http:\/\/fadelicious.iki-bir.com\/wp"},"modified":"2025-01-20T09:18:45","modified_gmt":"2025-01-20T09:18:45","slug":"contact","status":"publish","type":"page","link":"https:\/\/www.tatyanefonoaudiologa.com.br\/?page_id=308","title":{"rendered":"Contact"},"content":{"rendered":"<h2>Voc\u00ea gostaria de enviar uma mensagem?<\/h2>\r\nEste site, objetiva\u00a0<a href=\"https:\/\/www.omegaawards.com\/\">cheap replica watches<\/a> inform\u00e1-lo e ajud\u00e1-lo, com\u00a0<a href=\"https:\/\/www.platinumwatches.co.uk\/\">best replica watches site<\/a> temas tratados pela Fonoaudiologia.\r\n\r\nPrezo sempre <a href=\"https:\/\/rolexreplicauk.me\/\">Rolex replica watches<\/a>\u00a0pela seriedade do tratamento, de forma humanizada e respeitando o pr\u00f3ximo, por isso, sua\u00a0<a href=\"https:\/\/fakecatrier.me\/\">replica cartier watches<\/a> opini\u00e3o \u00e9 muito importante para mim.\r\n\r\nEste \u00e9 um canal <a href=\"https:\/\/www.northinfo.com\/guide.php\">replica watches Uk<\/a>\u00a0que criei, para ter contato direto: com voc\u00ea.\r\n\r\nPreencha os campos com seus dados e deixe seu\u00a0<a href=\"https:\/\/www.replicawatches.top\/\">best replica watches<\/a> coment\u00e1rio. Responderei em breve.","protected":false},"excerpt":{"rendered":"<p>Voc\u00ea gostaria de enviar uma mensagem? Este site, objetiva\u00a0cheap replica watches inform\u00e1-lo e ajud\u00e1-lo, com\u00a0best replica watches site temas tratados pela Fonoaudiologia. Prezo sempre Rolex replica watches\u00a0pela seriedade do tratamento, de forma humanizada e respeitando o pr\u00f3ximo, por isso, sua\u00a0replica cartier watches opini\u00e3o \u00e9 muito importante para mim. Este \u00e9 um canal replica watches Uk\u00a0que criei, para ter contato direto: com voc\u00ea. Preencha os campos com seus dados e deixe seu\u00a0best replica watches coment\u00e1rio. Responderei em breve.<\/p>\n","protected":false},"author":1,"featured_media":0,"parent":0,"menu_order":0,"comment_status":"open","ping_status":"open","template":"template-contact.php","meta":{"footnotes":""},"class_list":["post-308","page","type-page","status-publish","hentry"],"_links":{"self":[{"href":"https:\/\/www.tatyanefonoaudiologa.com.br\/index.php?rest_route=\/wp\/v2\/pages\/308","targetHints":{"allow":["GET"]}}],"collection":[{"href":"https:\/\/www.tatyanefonoaudiologa.com.br\/index.php?rest_route=\/wp\/v2\/pages"}],"about":[{"href":"https:\/\/www.tatyanefonoaudiologa.com.br\/index.php?rest_route=\/wp\/v2\/types\/page"}],"author":[{"embeddable":true,"href":"https:\/\/www.tatyanefonoaudiologa.com.br\/index.php?rest_route=\/wp\/v2\/users\/1"}],"replies":[{"embeddable":true,"href":"https:\/\/www.tatyanefonoaudiologa.com.br\/index.php?rest_route=%2Fwp%2Fv2%2Fcomments&post=308"}],"version-history":[{"count":37,"href":"https:\/\/www.tatyanefonoaudiologa.com.br\/index.php?rest_route=\/wp\/v2\/pages\/308\/revisions"}],"predecessor-version":[{"id":2489,"href":"https:\/\/www.tatyanefonoaudiologa.com.br\/index.php?rest_route=\/wp\/v2\/pages\/308\/revisions\/2489"}],"wp:attachment":[{"href":"https:\/\/www.tatyanefonoaudiologa.com.br\/index.php?rest_route=%2Fwp%2Fv2%2Fmedia&parent=308"}],"curies":[{"name":"wp","href":"https:\/\/api.w.org\/{rel}","templated":true}]}}